+ 4. Let m be p(-2). Let q = m - 14. What is the greatest common factor of q and 5?
5
Let s be -2 + 14 + 1 + 4. Suppose 2*k = -k + 153. What is the greatest common factor of k and s?
17
Suppose 0 = -4*r + 5*r + 5*w, 4*r - 110 = 2*w. Suppose -3*f = -4*o - 80 + 1, 130 = 5*f - 5*o. Calculate the greatest common factor of f and r.
25
Suppose -128 = -4*p + 4*d, -4*p - 2*d + 76 = -28. Calculate the greatest common divisor of 7 and p.
7
Let p be -12 + 18 - (-30)/1. What is the highest common factor of 8 and p?
4
Let t be (-1)/4 - 46/8. Let j be (-225)/(-27) + 2/t. What is the greatest common divisor of 20 and j?
4
Suppose 0 = -h + 4, -2*d + 16 = h + 3*h. Suppose -3*r - j = 9 - 35, d = 5*r - j - 46. Suppose -o + r = -3. What is the greatest common divisor of 3 and o?
3
Suppose -a = -2*v - 44, 5 = 7*v - 6*v. Calculate the greatest common divisor of a and 1026.
54
Suppose p = -x + 3, 4*p - x = -4 + 11. Calculate the highest common factor of p and 22.
2
Suppose 0 = 5*q + r + 79 - 260, 4*q - 2*r - 142 = 0. What is the greatest common factor of 924 and q?
12
Let p(y) = -y**3 - 5*y**2 + 9*y + 3. Let m be 128/(-22) - (-12)/(-66). Let b be p(m). Let j = b + 27. Calculate the greatest common factor of j and 96.
12
Let y = -29 - -12. Let b(z) = -3*z - 37. Let q be b(y). Calculate the highest common factor of q and 14.
14
Let p be (1 + 7)/((-2563)/517 - -5). Calculate the greatest common factor of 282 and p.
94
Suppose -5*p = 5*o - 0 - 45, 0 = 3*p + 5*o - 33. Suppose p*b = 17 + 7. Suppose -17 = -3*t + b. Calculate the highest common divisor of 1 and t.
1
Suppose -8*k - 24 + 152 = 0. Suppose -2*a = 2*a - 240. Let o = a + -28. Calculate the greatest common divisor of o and k.
16
Let t = -31 - -17. Let y(d) = d**3 + 15*d**2 + 16*d + 31. Let q be y(t). What is the greatest common divisor of q and 57?
3
Suppose 11*g - g = 750. Calculate the highest common factor of g and 3.
3
Let x = 56 + -37. Let w = 169 - 74. Calculate the highest common factor of w and x.
19
Suppose 4*w - 60 = -4*d, 3*w - 6*d = -d + 45. Let p = -14 + 11. Let a = p + w. Calculate the highest common divisor of 12 and a.
12
Let u be (-3 - (-252)/20) + 6/(-10). Calculate the highest common divisor of u and 2.
1
Let n be 3 - (1 + (1 - 4)). Suppose -c + 118 + 17 = -n*j, 2*c - 210 = -5*j. Calculate the greatest common divisor of 46 and c.
23
Let d(y) = y**2 - 5*y - 9. Let r be d(-5). Let j = 54 - r. What is the highest common factor of 13 and j?
13
Let m be (-158)/(-18) + 2*(-2)/(-18). Let c = m - -6. Calculate the greatest common factor of c and 75.
15
Let b = -48 + 49. Let k be (-246)/(-21) - (2/(-7))/b. What is the highest common factor of 60 and k?
12
Let a(h) = 2*h**3 + h**2 + 1. Let m be a(2). Let s(u) = 10*u**3 + u**2. Let g be s(2). What is the greatest common factor of m and g?
21
Let d be (-1 - 1)/((-12)/18). Suppose -3*x + 4*r + 40 = -0*r, -d*r = -2*x + 26. Suppose 0*n + n = x. What is the greatest common factor of n and 40?
8
Let j be (-210)/40 - 2/(-8). Let v be (0 - (-2 - j))*-1. Suppose v*x = -b + 48, 2*b - b + 5*x - 50 = 0. Calculate the greatest common divisor of b and 9.
9
Suppose 2*l = -2*u + 38, 2*u - 5*l - 18 = 13. Suppose 2*r - 328 = -76. What is the greatest common factor of u and r?
18
Let h be 34/4 + (-1)/(-2). Suppose -3*w = w + 2*j + 16, 5*j + 20 = 0. Let f be (2 + (-32)/w)/((-14)/(-35)). What is the greatest common divisor of f and h?
9
Let y(d) = -d - 1. Let z be y(-3). Suppose 4*x - w = z*w + 17, 4*x + 3*w = 47. Calculate the highest common divisor of x and 32.
8
Suppose 3*f - 5*h - 465 = 2213, -1777 = -2*f - 5*h. Calculate the highest common divisor of 11 and f.
11
Suppose 0*q + 3*a - 95 = 2*q, 3*a = -2*q - 89. Let j = q + 54. What is the greatest common divisor of 20 and j?
4
Let r(f) = -f**3 + f**2 + f + 176. Let k be r(0). Let l be -1*(-3 + 53)*(-2)/(-4). Let g = l + 47. Calculate the greatest common divisor of k and g.
22
Let o = 70 - 48. Let j = -12 + o. Suppose l - 4*k + 67 = 6*l, 5*k + j = 0. Calculate the greatest common factor of l and 15.
15
Suppose 2*c + 30 = a - 0, 50 = 3*a + 2*c. Let w = -29 - -13. Let j = w + a. What is the highest common factor of j and 8?
4
Suppose -t = 5, 0*p + 2*p = t + 3. Let g be p/(1/(-3))*56/12. What is the greatest common factor of g and 7?
7
Suppose -5*f - i = i + 30, -2*i = -f + 6. Let x be 6*1*f/8. Let z be 29 - x/(6/4). What is the greatest common divisor of 217 and z?
31
Let y(n) be the second derivative of -n**5/20 + 5*n**4/12 + 19*n**3/6 + n**2/2 + 2*n. Let o be y(7). Calculate the highest common factor of 24 and o.
12
Let p = 0 + 3. Suppose 4232 + 759 = 23*n. Suppose 2*l - 160 = -4*j - 44, -p*j + n = 4*l. What is the highest common factor of l and 13?
13
Let n be (16 + 2)*(-50)/180*-4. Calculate the greatest common divisor of 145 and n.
5
Suppose 0 = -4*m + 79 - 271. Let n = m + 32. Let u = -6 - n. What is the greatest common divisor of 60 and u?
10
Suppose -9*i + 159 + 30 = 0. Suppose 0 = -4*z - c + 96 + i, 5*c + 3 = z. Calculate the highest common divisor of z and 84.
28
Suppose -5*w + 4*i = -w - 184, -3*i = -w + 54. Calculate the greatest common divisor of w and 966.
42
Suppose -7*g + 2 = l - 3*g, 0 = -2*l + g - 14. Let y be 28/l*(-2160)/84. What is the highest common divisor of 80 and y?
40
Suppose -9 = 17*s - 20*s, -f + s = -3. Suppose 2*j - 7 = 1, 4*j - 4 = 3*d. What is the highest common factor of d and f?
2
Suppose 0*j = 2*y + 4*j - 20, 5*y - 2*j - 110 = 0. What is the highest common divisor of 14 and y?
2
Suppose 5*r - 4*j + 6*j + 18 = 0, -16 = 4*j. Let c = 1 - r. Let u(s) = s**3 + 7*s**2 + 4*s + 3. Let b be u(-6). What is the highest common divisor of c and b?
3
Suppose 4*o = 3*o - a + 796, -5*a = -3*o + 2404. Calculate the greatest common factor of 38 and o.
38
Let p = 51 + -87. Let a = p - -64. Let c be a - 1 - (-1 + -2). What is the greatest common factor of c and 20?
10
Suppose 0 = -2*f - 2. Let h(z) = z**2 - z. Let n be h(f). Let b be (-1)/6*n*-9. What is the highest common factor of 3 and b?
3
Let f(c) = 9*c**2 + c - 2. Let k be 273/(-168) + (-3)/8. Let x be f(k). Calculate the highest common divisor of x and 80.
16
Let b be (-3 - -4*7)/(18/234). What is the greatest common factor of b and 195?
65
Let d(f) be the second derivative of 5*f**3/6 - 21*f**2/2 - 10*f. Let z be d(24). What is the highest common factor of z and 9?
9
Let u(o) = 82*o**2 + 5*o + 12. Let t be u(-2). What is the greatest common factor of t and 15?
15
Let s be (-1*(-1 - 0))/1*33. Suppose 420 = -21*l + s*l. Calculate the highest common factor of 5 and l.
5
Let q(t) = -12*t**3 + 2*t**2. Let y be q(-1). Suppose -a + y = -26. What is the greatest common factor of 10 and a?
10
Let x(u) = -u**2 - 29*u + 60. Let q be x(-28). Calculate the highest common divisor of 11 and q.
11
Suppose 2*h = 4*s - 444, 2*h = 2*s - 2*h - 228. What is the greatest common divisor of 44 and s?
22
Suppose 0 = -5*q + 40 + 10. Let z be 19/4 + 1/4. What is the greatest common factor of z and q?
5
Let s(h) = 23*h - 4. Let g(z) = 11*z - 2. Let c(j) = 14*g(j) - 6*s(j). Let i be c(1). Calculate the greatest common factor of i and 4.
4
Let q = -225 - -250. Calculate the greatest common factor of 10 and q.
5
Let a = -445 + 535. What is the highest common factor of a and 60?
30
Suppose 5*s = -x - x + 60, -5*x + 60 = 5*s. Let g(v) = -v**3 + 13*v**2 - 12*v + 24. Let y be g(s). Calculate the greatest common divisor of 32 and y.
8
Let b be (28/(-16))/((-4)/(384 + 0)). Let k(s) = -2*s**3 + 5 + s**3 - 4*s**2 + s**2. Let f be k(-4). Calculate the highest common divisor of f and b.
21
Let g = -1346 - -1390. Let j be 11 - 0/(2 - 4). Calculate the highest common factor of g and j.
11
Suppose 0 = 4*u - 2*a - 74, 42 = -3*u + 5*u - 2*a. What is the highest common divisor of u and 80?
16
Suppose 0 = -24*z + 20*z + 4*x + 76, -z + 5*x + 15 = 0. Calculate the highest common divisor of 170 and z.
10
Let q be 4/(-10) - 1467/45. Let a = q - -69. Suppose -h + 3*p - 2 = p, -4*h - 4*p = -28. What is the highest common divisor of a and h?
4
Suppose 7*o + 5*x + 252 = 4*o, 0 = -2*o + 2*x - 152. Let h = o + 309. Calculate the greatest common factor of h and 46.
46
Let l = 91 + -76. What is the highest common divisor of l and 615?
15
Let m(c) = -c**3 + 4*c**2 + 10*c - 7. Suppose -5 = -12*u + 11*u. Let q